- 12 = -3*z. Let c be u(t). Calculate the highest common divisor of 34 and c.
17
Suppose 21 = 3*m, 141*s - 137*s - 5*m - 253 = 0. Calculate the highest common divisor of 270 and s.
18
Let x(b) = -1001 - 969 + 6*b + 1925. Let u be x(25). Suppose -2*t + 82 = -4*k, -4*t + 29 = -3*t + 2*k. What is the greatest common factor of t and u?
35
Let g(q) = 73*q**2 + 3*q + 18. Let f be g(-3). Let p = 991 - f. What is the highest common factor of 130 and p?
65
Let a(t) = -37*t - 21. Let r be a(6). Let i = r - -700. Suppose 0 = -3*l - 3*d + i - 106, -4*l = -5*d - 468. Calculate the highest common factor of l and 9.
9
Let l = 3396 - 1977. What is the greatest common factor of 132 and l?
33
Let i = -107 + 1142. Calculate the highest common factor of 45 and i.
45
Suppose -8*q + 4*q + 1408 = 0. Suppose -m + x - 1261 = 0, -14*m + 11*m - 5*x - 3767 = 0. Let n = m + 1291. What is the highest common divisor of q and n?
32
Let f = 73 + -68. Let m be ((-8)/f)/(7/105). Let p be 69/2*16*(-4)/m. What is the highest common factor of p and 23?
23
Let z = -3138 + 3513. What is the greatest common divisor of z and 300?
75
Let f(g) = -g**2 - 7*g + 2. Let l be f(-10). Let i = l + 24. Let x be (-45)/i + 7/(-28). Calculate the greatest common factor of x and 22.
11
Let k = 7594 - 7587. Calculate the greatest common factor of k and 2933.
7
Let b(d) = -13*d + 11*d + 4 - 24. Let v be b(-11). Suppose w - v*i = 32, -i - 128 = -6*w + 2*w. Calculate the highest common factor of w and 4.
4
Let j be (-8 + -1)/18*434. Let w = 292 + j. What is the greatest common divisor of w and 9?
3
Let g be (-2)/6*(-1106 - (-40 + 5)). What is the greatest common divisor of 53907 and g?
357
Suppose 2*v = -2*i + 7204 + 12554, -4*i + 39514 = 5*v. Calculate the highest common divisor of i and 482.
241
Let k(t) be the second derivative of -43*t**3/6 - 63*t**2 - 36*t + 2. Let o be k(-3). What is the greatest common factor of 13 and o?
1
Suppose -6*a = -3*a - 1683. Let d = -3232 - -3265. Calculate the greatest common divisor of a and d.
33
Let b(o) = -2*o**2 + 34*o + 916. Let v be b(-14). Let w(m) = -m**2 + 168. Let s be w(0). Calculate the greatest common divisor of s and v.
24
Let a be 4107/(-16*(-60)/3200). Calculate the highest common divisor of a and 148.
74
Let i be ((-342)/14)/((-86)/1204). Calculate the greatest common factor of 551 and i.
19
Let y(b) = -3*b**3 + 47*b**2 - 14*b + 152. Let c be y(11). Calculate the greatest common divisor of c and 84.
12
Let p = 20798 + -20784. Let o = 63 - 35. Calculate the greatest common factor of p and o.
14
Let y(o) = -10*o - 4. Let r be y(-4). Let j = 459 - 426. Suppose -39*z = -j*z - 324. Calculate the highest common factor of z and r.
18
Let s = 12 + -4. Let c(n) = 2*n**2 - 2*n - 40. Suppose -24*a + 16 = -22*a. Let w be c(a). Calculate the greatest common divisor of w and s.
8
Let n be (54/9)/(2/(-58)). Let c = -136 - n. What is the greatest common factor of 190 and c?
38
Let n = -156 + 233. Suppose 279*s - 847 = 202*s. What is the highest common factor of n and s?
11
Let t(i) = i**3 - 7*i**2 - 3. Let w be t(8). Let y = 44571 - 44327. Calculate the greatest common divisor of w and y.
61
Suppose 2*r - 39 = -3. Suppose -102*p + 238*p - 30186 = 97*p. Calculate the highest common divisor of p and r.
18
Suppose -535*q - 801 = -536*q - 5*k, 0 = q + 3*k - 807. Calculate the highest common divisor of 336 and q.
48
Suppose 5*q = 5*v - 38 + 183, 3*v + 4*q + 122 = 0. Let c = v - -38. Suppose 55 = 3*r + d, 4*r + c*d - 11 = 49. What is the highest common divisor of r and 4?
4
Suppose -9 = 4*f - 137. Suppose 5*h - 2*h + 5*g - f = 0, 5*h - 47 = -2*g. Calculate the greatest common factor of h and 9.
9
Suppose 0 = 3*y + 4*z - 93, -5*z + 0*z = -y + 12. Let l(x) = x**3 - 4*x**2 + 7*x - 10. Let b be l(4). What is the greatest common divisor of y and b?
9
Suppose -4*y + 3242 + 364 = -2*u, -5*u = y - 940. What is the highest common divisor of y and 4887?
181
Suppose -83*y + 155*y = 88*y - 3584. Calculate the greatest common factor of y and 518.
14
Suppose -1171 = 4*k + 289. Let m = k - -445. Calculate the highest common divisor of m and 240.
80
Suppose -3*r = -3, -7 = -4*u + 2*r - 5. Let j be (-43 - -45)*(-23)/(u + -2). What is the highest common factor of j and 1472?
46
Let b(d) = d**3 + 11*d**2 - 23*d + 61. Let i be b(-13). Let g be 39/6 - 2/4. What is the greatest common factor of i and g?
2
Suppose -215*m + 768 = 209*m - 418*m. Calculate the greatest common divisor of m and 3.
1
Let w(r) be the third derivative of -5*r**4/4 - 7*r**3/2 - 4*r**2 + 12*r. Let x be w(-2). Calculate the highest common divisor of 52 and x.
13
Suppose -2*o = -5*h - 1227, 2*o - 1230 = 14*h - 10*h. Let v be 23*((-1)/1)/(-1). What is the greatest common divisor of v and o?
23
Let o be (5 - 28/(-16))/(15/180). What is the greatest common factor of 234 and o?
9
Suppose -37 = 3*b + 299. Suppose 0 = -3*s - 2*s - 15. Let v be (-3 - -6)/3 - b - s. Calculate the highest common factor of v and 29.
29
Let i = -234 - -354. Suppose -2108*m = -2101*m - 210. Calculate the greatest common factor of i and m.
30
Suppose 148 = 4*f - 2*a, 6*f - f = a + 185. Suppose -f = 5*m - 127. What is the highest common divisor of 54 and m?
18
Suppose 0 = -11*a - 11322 + 11564. Calculate the greatest common factor of a and 1122.
22
Suppose 10*j = -8 + 28. Let i = -6 - -9. Suppose -58 = -i*l - 3*c + 26, j*c + 2 = 0. What is the greatest common factor of l and 232?
29
Let l = 17076 - 17029. Calculate the highest common divisor of l and 16873.
47
Let m(n) = 18*n - 29. Let y be m(-2). Let k = 131 + y. Calculate the greatest common factor of k and 22.
22
Let k be (-29 - -30)*(-3 - (-900)/3). Calculate the highest common factor of k and 18.
9
Let x = -5013 - -28683. What is the highest common divisor of 18 and x?
18
Suppose -62*n + 65*n = 15. Suppose 426 = 4*c - 2*d, 0 = -n*c + 9*c - d - 429. Calculate the greatest common divisor of 162 and c.
54
Let z(i) = i**3 - 24*i**2 + 43*i - 21. Let f be z(23). Let c = -209 + f. What is the highest common factor of 138 and c?
46
Let w = 14354 + -12417. Calculate the greatest common divisor of w and 298.
149
Suppose 25*l = 12*l + 37*l - 117216. What is the highest common factor of l and 132?
132
Suppose -2*f - 114 = -m, 4*m - 321 - 126 = 5*f. What is the highest common factor of 4176 and m?
36
Let u be 37/222 + (-2)/12. Suppose -j - 4*w = -1074, 5*j - 5245 = -u*j + 5*w. Calculate the greatest common factor of 34 and j.
34
Suppose -129*z + 28651 = 8527. Calculate the greatest common divisor of 2424 and z.
12
Let h be 6/(-4)*4/(-3). Suppose 0 = -17*x + 73 - 39 + 34. Suppose -i = -2*v - h*i + 19, -i = x*v - 37. Calculate the highest common divisor of v and 18.
9
Let h be (-3)/(-2 + 1) + 162/(21 + 6). What is the highest common factor of 6201 and h?
9
Let d = -24 - -24. Suppose d = u - 69 + 17. Let j = -34 + u. Calculate the greatest common divisor of 72 and j.
18
Let d be 4*3/12 - -46. Let x = d + -98. Let k = 75 + x. What is the highest common factor of k and 96?
24
Suppose -3*c = -a - 613 + 66, -3*a - 905 = -5*c. What is the greatest common factor of c and 7636?
92
Suppose 5*q = 6*u - 5*u - 5068, 2*u - 10185 = 3*q. What is the highest common factor of 84 and u?
21
Suppose -13*w + 915 = -3681 - 3399. Calculate the highest common divisor of 555 and w.
15
Let f(d) be the second derivative of d**4/12 - 2*d**3 + 39*d**2/2 + 18*d - 7. Let x be f(9). Calculate the greatest common divisor of x and 36.
12
Suppose -8*o = -168 - 3368. Suppose 0 = 11*m + o + 713. Let i = -102 - m. Calculate the highest common factor of i and 6.
3
Let k(l) = l**3 + 11*l**2 - 23*l + 17. Let h be k(-11). What is the highest common factor of 65 and h?
5
Suppose -66*m - 94*m + 1861810 = 30*m. Calculate the greatest common factor of m and 717.
239
Suppose a = 44 + 143. Let f = -22 + a. Let y = -134 + 149. Calculate the highest common factor of y and f.
15
Let z(j) = -3*j**3 - 19*j**2 - 23*j - 35. Let w be z(-7). What is the greatest common divisor of w and 168?
56
Let o = 14988 - 12241. Calculate the highest common factor of o and 82.
41
Let v(h) = -h - 21. Let i be v(-54). Suppose 0 = -0*d - 4*d + 88. What is the highest common factor of d and i?
11
Let b be (-2)/10 + 99/45. Suppose 417*y - 380*y = 333. Calculate the greatest common 